What is the thousands digit of 125840?
5
What is the tens digit of 210218?
1
What is the ten thousands digit of 721409?
2
What is the hundreds digit of 78431?
4
What is the millions digit of 1055921?
1
What is the millions digit of 2992861?
2
What is the ten thousands digit of 14273529?
7
What is the ten thousands digit of 1718435?
1
What is the tens digit of 981807?
0
What is the hundreds digit of 1895024?
0
What is the hundreds digit of 10853858?
8
What is the thousands digit of 10192998?
2
What is the hundred thousands digit of 1973929?
9
What is the hundreds digit of 416689?
6
What is the hundreds digit of 256407?
4
What is the ten millions digit of 12471688?
1
What is the units digit of 4326786?
6
What is the ten thousands digit of 35584553?
8
What is the thousands digit of 17686869?
6
What is the hundred thousands digit of 10696917?
6
What is the units digit of 267226?
6
What is the ten thousands digit of 12047?
1
What is the units digit of 256802?
2
What is the hundreds digit of 11047834?
8
What is the millions digit of 6578783?
6
What is the hundreds digit of 2006025?
0
What is the units digit of 118953?
3
What is the ten thousands digit of 774338?
7
What is the ten thousands digit of 6313131?
1
What is the tens digit of 35490?
9
What is the millions digit of 1062455?
1
What is the ten thousands digit of 391024?
9
What is the tens digit of 1917900?
0
What is the tens digit of 637855?
5
What is the hundred thousands digit of 1021811?
0
What is the ten thousands digit of 180184?
8
What is the thousands digit of 271331?
1
What is the ten thousands digit of 3441195?
4
What is the units digit of 1057482?
2
What is the units digit of 2203521?
1
What is the units digit of 1876432?
2
What is the ten thousands digit of 649606?
4
What is the units digit of 455232?
2
What is the tens digit of 19548692?
9
What is the units digit of 241462?
2
What is the hundred thousands digit of 2241700?
2
What is the ten thousands digit of 4020175?
2
What is the hundreds digit of 4403972?
9
What is the millions digit of 2655941?
2
What is the hundred thousands digit of 199383?
1
What is the millions digit of 11794001?
1
What is the units digit of 613805?
5
What is the hundred thousands digit of 501151?
5
What is the hundreds digit of 432493?
4
What is the hundred thousands digit of 2564271?
5
What is the hundreds digit of 2037398?
3
What is the thousands digit of 27391?
7
What is the units digit of 128270?
0
What is the hundreds digit of 3741235?
2
What is the thousands digit of 815101?
5
What is the ten thousands digit of 581088?
8
What is the thousands digit of 483459?
3
What is the ten thousands digit of 3725353?
2
What is the thousands digit of 498712?
8
What is the units digit of 9611429?
9
What is the tens digit of 5108?
0
What is the hundreds digit of 365370?
3
What is the tens digit of 69385?
8
What is the millions digit of 1042110?
1
What is the tens digit of 7457406?
0
What is the units digit of 36142399?
9
What is the thousands digit of 168256?
8
What is the units digit of 186557?
7
What is the hundreds digit of 80593?
5
What is the ten thousands digit of 16942601?
4
What is the hundreds digit of 1866017?
0
What is the units digit of 96528?
8
What is the units digit of 2957737?
7
What is the ten thousands digit of 1375593?
7
What is the tens digit of 400077?
7
What is the thousands digit of 211119?
1
What is the thousands digit of 593960?
3
What is the tens digit of 6502599?
9
What is the ten thousands digit of 162707?
6
What is the hundred thousands digit of 194415?
1
What is the tens digit of 6438619?
1
What is the ten thousands digit of 7977429?
7
What is the hundreds digit of 625707?
7
What is the units digit of 18067824?
4
What is the tens digit of 174686?
8
What is the tens digit of 392137?
3
What is the ten thousands digit of 392055?
9
What is the thousands digit of 19355439?
5
What is the ten thousands digit of 8550688?
5
What is the hundreds digit of 1361423?
4
What is the tens digit of 41253532?
3
What is the thousands digit of 2318765?
8
What is the thousands digit of 84091?
4
What is the ten thousands digit of 500874?
0
What is the thousands digit of 2259013?
9
What is the hundreds digit of 661010?
0
What is the thousands digit of 455780?
5
What is the ten millions digit of 14933851?
1
What is the ten thousands digit of 2771771?
7
What is the hundreds digit of 945909?
9
What is the units digit of 293700?
0
What is the units digit of 134885?
5
What is the thousands digit of 1475772?
5
What is the hundreds digit of 112952?
9
What is the millions digit of 2186041?
2
What is the ten thousands digit of 3342662?
4
What is the units digit of 867936?
6
What is the tens digit of 657430?
3
What is the hundreds digit of 12451708?
7
What is the hundreds digit of 250804?
8
What is the thousands digit of 9627916?
7
What is the units digit of 341130?
0
What is the hundreds digit of 8802182?
1
What is the tens digit of 1142651?
5
What is the ten thousands digit of 191410?
9
What is the thousands digit of 3170806?
0
What is the thousands digit of 4256338?
6
What is the units digit of 6508267?
7
What is the ten thousands digit of 716041?
1
What is the hundred thousands digit of 242787?
2
What is the hundreds digit of 5695228?
2
What is the thousands digit of 179983?
9
What is the tens digit of 11486657?
5
What is the thousands digit of 7488632?
8
What is the hundreds digit of 7375?
3
What is the units digit of 1916959?
9
What is the thousands digit of 11799902?
9
What is the ten thousands digit of 2957123?
5
What is the hundred thousands digit of 4847504?
8
What is the hundreds digit of 2637801?
8
What is the hundreds digit of 1026665?
6
What is the tens digit of 5727970?
7
What is the hundreds digit of 21354?
3
What is the hundreds digit of 1691663?
6
What is the hundred thousands digit of 2083904?
0
What is the ten thousands digit of 616556?
1
What is the units digit of 8160922?
2
What is the units digit of 12511788?
8
What is the hundred thousands digit of 207003?
2
What is the ten thousands digit of 3638380?
3
What is the units digit of 804973?
3
What is the units digit of 675245?
5
What is the tens digit of 6552957?
5
What is the ten thousands digit of 722987?
2
What is the thousands digit of 3880438?
0
What is the tens digit of 6529776?
7
What is the thousands digit of 113644?
3
What is the ten thousands digit of 10235171?
3
What is the units digit of 1215003?
3
What is the tens digit of 641585?
8
What is the millions digit of 37022818?
7
What is the thousands digit of 1394654?
4
What is the units digit of 417956?
6
What is the hundreds digit of 59279?
2
What is the millions digit of 27496645?
7
What is the units digit of 304856?
6
What is the tens digit of 671744?
4
What is the hundreds digit of 1713640?
6
What is the thousands digit of 852679?
2
What is the tens digit of 2859623?
2
What is the tens digit of 145048?
4
What is the hundreds digit of 442673?
6
What is the tens digit of 298810?
1
What is the units digit of 869349?
9
What is the hundreds digit of 421973?
9
What is the hundred thousands digit of 113110?
1
What is the ten thousands digit of 3588757?
8
What is the hundreds digit of 5429056?
0
What is the millions digit of 4964332?
4
What is the thousands digit of 6548941?
8
What is the units digit of 715016?
6
What is the hundreds digit of 297535?
5
What is the units digit of 5630?
0
What is the hundred thousands digit of 9412738?
4
What is the hundreds digit of 5539685?
6
What is the hundreds digit of 126567?
5
What is the ten millions digit of 12479499?
1
What is the tens digit of 330494?
9
What is the units digit of 82363?
3
What is the ten thousands digit of 6872313?
7
What is the units digit of 1160264?
4
What is the millions digit of 1606075?
1
What is the thousands digit of 5664979?
4
What is the millions digit of 4376629?
4
What is the tens digit of 458875?
7
What is the hundred thousands digit of 559780?
5
What is the units digit of 207629?
9
What is the units digit of 147845?
5
What is the units digit of 2106010?
0
What is the hundred thousands digit of 4192511?
1
What is the tens digit of 5264854?
5
What is the hundred thousands digit of 291264?
2
What is the ten thousands digit of 299281?
9
What is the millions digit of 5242